{"id":213,"date":"2024-07-23T21:06:37","date_gmt":"2024-07-23T19:06:37","guid":{"rendered":"https:\/\/www.darm-vital.ch\/?page_id=213"},"modified":"2024-07-28T17:42:44","modified_gmt":"2024-07-28T15:42:44","slug":"anreise","status":"publish","type":"page","link":"https:\/\/www.darm-vital.ch\/index.php\/anreise\/","title":{"rendered":"Anreise"},"content":{"rendered":"\n<p>Die Praxis befindet sich an der Wintermoosstrasse 23 in Sulgen.<\/p>\n\n\n\n<h2 class=\"wp-block-heading\">Parkpl\u00e4tze<\/h2>\n\n\n\n<figure class=\"wp-block-gallery has-nested-images columns-default is-cropped wp-block-gallery-1 is-layout-flex wp-block-gallery-is-layout-flex\">\n<figure data-wp-context=\"{&quot;imageId&quot;:&quot;69f5ceb374a44&quot;}\" data-wp-interactive=\"core\/image\" data-wp-key=\"69f5ceb374a44\" class=\"wp-block-image size-large wp-lightbox-container\"><img loading=\"lazy\" decoding=\"async\" width=\"1024\" height=\"683\" data-wp-class--hide=\"state.isContentHidden\" data-wp-class--show=\"state.isContentVisible\" data-wp-init=\"callbacks.setButtonStyles\" data-wp-on--click=\"actions.showLightbox\" data-wp-on--load=\"callbacks.setButtonStyles\" data-wp-on-window--resize=\"callbacks.setButtonStyles\" data-id=\"254\" src=\"https:\/\/www.darm-vital.ch\/wp-content\/uploads\/2024\/07\/Parkplatz.jpg\" alt=\"\" class=\"wp-image-254\" srcset=\"https:\/\/www.darm-vital.ch\/wp-content\/uploads\/2024\/07\/Parkplatz.jpg 1024w, https:\/\/www.darm-vital.ch\/wp-content\/uploads\/2024\/07\/Parkplatz-300x200.jpg 300w, https:\/\/www.darm-vital.ch\/wp-content\/uploads\/2024\/07\/Parkplatz-768x512.jpg 768w, https:\/\/www.darm-vital.ch\/wp-content\/uploads\/2024\/07\/Parkplatz-90x60.jpg 90w, https:\/\/www.darm-vital.ch\/wp-content\/uploads\/2024\/07\/Parkplatz-600x400.jpg 600w\" sizes=\"auto, (max-width: 1024px) 100vw, 1024px\" \/><button\n\t\t\tclass=\"lightbox-trigger\"\n\t\t\ttype=\"button\"\n\t\t\taria-haspopup=\"dialog\"\n\t\t\taria-label=\"Vergr\u00f6\u00dfern\"\n\t\t\tdata-wp-init=\"callbacks.initTriggerButton\"\n\t\t\tdata-wp-on--click=\"actions.showLightbox\"\n\t\t\tdata-wp-style--right=\"state.imageButtonRight\"\n\t\t\tdata-wp-style--top=\"state.imageButtonTop\"\n\t\t>\n\t\t\t<svg xmlns=\"http:\/\/www.w3.org\/2000\/svg\" width=\"12\" height=\"12\" fill=\"none\" viewBox=\"0 0 12 12\">\n\t\t\t\t<path fill=\"#fff\" d=\"M2 0a2 2 0 0 0-2 2v2h1.5V2a.5.5 0 0 1 .5-.5h2V0H2Zm2 10.5H2a.5.5 0 0 1-.5-.5V8H0v2a2 2 0 0 0 2 2h2v-1.5ZM8 12v-1.5h2a.5.5 0 0 0 .5-.5V8H12v2a2 2 0 0 1-2 2H8Zm2-12a2 2 0 0 1 2 2v2h-1.5V2a.5.5 0 0 0-.5-.5H8V0h2Z\" \/>\n\t\t\t<\/svg>\n\t\t<\/button><\/figure>\n\n\n\n<figure data-wp-context=\"{&quot;imageId&quot;:&quot;69f5ceb374d98&quot;}\" data-wp-interactive=\"core\/image\" data-wp-key=\"69f5ceb374d98\" class=\"wp-block-image size-large wp-lightbox-container\"><img loading=\"lazy\" decoding=\"async\" width=\"1024\" height=\"683\" data-wp-class--hide=\"state.isContentHidden\" data-wp-class--show=\"state.isContentVisible\" data-wp-init=\"callbacks.setButtonStyles\" data-wp-on--click=\"actions.showLightbox\" data-wp-on--load=\"callbacks.setButtonStyles\" data-wp-on-window--resize=\"callbacks.setButtonStyles\" data-id=\"271\" src=\"https:\/\/www.darm-vital.ch\/wp-content\/uploads\/2024\/07\/Parkplatz_oben.jpg\" alt=\"\" class=\"wp-image-271\" srcset=\"https:\/\/www.darm-vital.ch\/wp-content\/uploads\/2024\/07\/Parkplatz_oben.jpg 1024w, https:\/\/www.darm-vital.ch\/wp-content\/uploads\/2024\/07\/Parkplatz_oben-300x200.jpg 300w, https:\/\/www.darm-vital.ch\/wp-content\/uploads\/2024\/07\/Parkplatz_oben-768x512.jpg 768w, https:\/\/www.darm-vital.ch\/wp-content\/uploads\/2024\/07\/Parkplatz_oben-90x60.jpg 90w, https:\/\/www.darm-vital.ch\/wp-content\/uploads\/2024\/07\/Parkplatz_oben-600x400.jpg 600w\" sizes=\"auto, (max-width: 1024px) 100vw, 1024px\" \/><button\n\t\t\tclass=\"lightbox-trigger\"\n\t\t\ttype=\"button\"\n\t\t\taria-haspopup=\"dialog\"\n\t\t\taria-label=\"Vergr\u00f6\u00dfern\"\n\t\t\tdata-wp-init=\"callbacks.initTriggerButton\"\n\t\t\tdata-wp-on--click=\"actions.showLightbox\"\n\t\t\tdata-wp-style--right=\"state.imageButtonRight\"\n\t\t\tdata-wp-style--top=\"state.imageButtonTop\"\n\t\t>\n\t\t\t<svg xmlns=\"http:\/\/www.w3.org\/2000\/svg\" width=\"12\" height=\"12\" fill=\"none\" viewBox=\"0 0 12 12\">\n\t\t\t\t<path fill=\"#fff\" d=\"M2 0a2 2 0 0 0-2 2v2h1.5V2a.5.5 0 0 1 .5-.5h2V0H2Zm2 10.5H2a.5.5 0 0 1-.5-.5V8H0v2a2 2 0 0 0 2 2h2v-1.5ZM8 12v-1.5h2a.5.5 0 0 0 .5-.5V8H12v2a2 2 0 0 1-2 2H8Zm2-12a2 2 0 0 1 2 2v2h-1.5V2a.5.5 0 0 0-.5-.5H8V0h2Z\" \/>\n\t\t\t<\/svg>\n\t\t<\/button><\/figure>\n<\/figure>\n\n\n\n<p>F\u00fcr Kundinnen und Kunden stehen ausreichend kostenlose Parkpl\u00e4tze zur Verf\u00fcgung.<\/p>\n\n\n\n<h2 class=\"wp-block-heading\">Wo wir sind<\/h2>\n\n\n\n<iframe src=\"https:\/\/map.geo.admin.ch\/#\/embed?lang=de&#038;center=2731994.25,1267203.92&#038;z=7&#038;bgLayer=ch.swisstopo.pixelkarte-farbe&#038;topic=ech&#038;swisssearch=Wintermoosstrasse+23+8583+Sulgen&#038;layers=ch.swisstopo.zeitreihen@year=1864,f;ch.bfs.gebaeude_wohnungs_register,f;ch.bav.haltestellen-oev,f;ch.swisstopo.swisstlm3d-wanderwege,f;ch.vbs.schiessanzeigen,f;ch.astra.wanderland-sperrungen_umleitungen,f;KML%7Chttps:\/\/public.geo.admin.ch\/api\/kml\/files\/QZuC7QMNSfm9u9qiuatrwg&#038;featureInfo=default\" style=\"border: 0;width: 600px;height: 450px;max-width: 100%;max-height: 100%;\" allow=\"geolocation\"><\/iframe>\n\n\n\n<p><\/p>\n\n\n\n<h2 class=\"wp-block-heading\">Anreise mit dem \u00f6ffentlichen Verkehr<\/h2>\n\n\n\n<script src=\"https:\/\/fpcdn.zvv.ch\/cdn\/v1\/widget.min.js\"><\/script>\n<div id=\"zvv-connectionsearch-widget\" data-to=\"8583 Sulgen, Wintermoosstrasse 23\" data-tolat=\"47.542078\" data-tolon=\"9.191893\"><\/div>\n","protected":false},"excerpt":{"rendered":"<p>Die Praxis befindet sich an der Wintermoosstrasse 23 in Sulgen. Parkpl\u00e4tze F\u00fcr Kundinnen und Kunden stehen ausreichend kostenlose Parkpl\u00e4tze zur Verf\u00fcgung. Wo wir sind Anreise mit dem \u00f6ffentlichen Verkehr<\/p>\n","protected":false},"author":1,"featured_media":0,"parent":0,"menu_order":0,"comment_status":"closed","ping_status":"closed","template":"","meta":{"footnotes":""},"class_list":["post-213","page","type-page","status-publish","hentry","latest_post"],"_links":{"self":[{"href":"https:\/\/www.darm-vital.ch\/index.php\/wp-json\/wp\/v2\/pages\/213","targetHints":{"allow":["GET"]}}],"collection":[{"href":"https:\/\/www.darm-vital.ch\/index.php\/wp-json\/wp\/v2\/pages"}],"about":[{"href":"https:\/\/www.darm-vital.ch\/index.php\/wp-json\/wp\/v2\/types\/page"}],"author":[{"embeddable":true,"href":"https:\/\/www.darm-vital.ch\/index.php\/wp-json\/wp\/v2\/users\/1"}],"replies":[{"embeddable":true,"href":"https:\/\/www.darm-vital.ch\/index.php\/wp-json\/wp\/v2\/comments?post=213"}],"version-history":[{"count":20,"href":"https:\/\/www.darm-vital.ch\/index.php\/wp-json\/wp\/v2\/pages\/213\/revisions"}],"predecessor-version":[{"id":276,"href":"https:\/\/www.darm-vital.ch\/index.php\/wp-json\/wp\/v2\/pages\/213\/revisions\/276"}],"wp:attachment":[{"href":"https:\/\/www.darm-vital.ch\/index.php\/wp-json\/wp\/v2\/media?parent=213"}],"curies":[{"name":"wp","href":"https:\/\/api.w.org\/{rel}","templated":true}]}}

<p>Die Praxis befindet sich an der Wintermoosstrasse 23 in Sulgen.</p>



<h2 class="wp-block-heading">Parkplätze</h2>



<figure class="wp-block-gallery has-nested-images columns-default is-cropped wp-block-gallery-1 is-layout-flex wp-block-gallery-is-layout-flex">
<figure data-wp-context="{&quot;imageId&quot;:&quot;69f5ceb374a44&quot;}" data-wp-interactive="core/image" data-wp-key="69f5ceb374a44" class="wp-block-image size-large wp-lightbox-container"><img loading="lazy" decoding="async" width="1024" height="683" data-wp-class--hide="state.isContentHidden" data-wp-class--show="state.isContentVisible" data-wp-init="callbacks.setButtonStyles" data-wp-on--click="actions.showLightbox" data-wp-on--load="callbacks.setButtonStyles" data-wp-on-window--resize="callbacks.setButtonStyles" data-id="254" src="https://www.darm-vital.ch/wp-content/uploads/2024/07/Parkplatz.jpg" alt="" class="wp-image-254" srcset="https://www.darm-vital.ch/wp-content/uploads/2024/07/Parkplatz.jpg 1024w, https://www.darm-vital.ch/wp-content/uploads/2024/07/Parkplatz-300x200.jpg 300w, https://www.darm-vital.ch/wp-content/uploads/2024/07/Parkplatz-768x512.jpg 768w, https://www.darm-vital.ch/wp-content/uploads/2024/07/Parkplatz-90x60.jpg 90w, https://www.darm-vital.ch/wp-content/uploads/2024/07/Parkplatz-600x400.jpg 600w" sizes="auto, (max-width: 1024px) 100vw, 1024px" /><button
			class="lightbox-trigger"
			type="button"
			aria-haspopup="dialog"
			aria-label="Vergrößern"
			data-wp-init="callbacks.initTriggerButton"
			data-wp-on--click="actions.showLightbox"
			data-wp-style--right="state.imageButtonRight"
			data-wp-style--top="state.imageButtonTop"
		>
			<svg xmlns="http://www.w3.org/2000/svg" width="12" height="12" fill="none" viewBox="0 0 12 12">
				<path fill="#fff" d="M2 0a2 2 0 0 0-2 2v2h1.5V2a.5.5 0 0 1 .5-.5h2V0H2Zm2 10.5H2a.5.5 0 0 1-.5-.5V8H0v2a2 2 0 0 0 2 2h2v-1.5ZM8 12v-1.5h2a.5.5 0 0 0 .5-.5V8H12v2a2 2 0 0 1-2 2H8Zm2-12a2 2 0 0 1 2 2v2h-1.5V2a.5.5 0 0 0-.5-.5H8V0h2Z" />
			</svg>
		</button></figure>



<figure data-wp-context="{&quot;imageId&quot;:&quot;69f5ceb374d98&quot;}" data-wp-interactive="core/image" data-wp-key="69f5ceb374d98" class="wp-block-image size-large wp-lightbox-container"><img loading="lazy" decoding="async" width="1024" height="683" data-wp-class--hide="state.isContentHidden" data-wp-class--show="state.isContentVisible" data-wp-init="callbacks.setButtonStyles" data-wp-on--click="actions.showLightbox" data-wp-on--load="callbacks.setButtonStyles" data-wp-on-window--resize="callbacks.setButtonStyles" data-id="271" src="https://www.darm-vital.ch/wp-content/uploads/2024/07/Parkplatz_oben.jpg" alt="" class="wp-image-271" srcset="https://www.darm-vital.ch/wp-content/uploads/2024/07/Parkplatz_oben.jpg 1024w, https://www.darm-vital.ch/wp-content/uploads/2024/07/Parkplatz_oben-300x200.jpg 300w, https://www.darm-vital.ch/wp-content/uploads/2024/07/Parkplatz_oben-768x512.jpg 768w, https://www.darm-vital.ch/wp-content/uploads/2024/07/Parkplatz_oben-90x60.jpg 90w, https://www.darm-vital.ch/wp-content/uploads/2024/07/Parkplatz_oben-600x400.jpg 600w" sizes="auto, (max-width: 1024px) 100vw, 1024px" /><button
			class="lightbox-trigger"
			type="button"
			aria-haspopup="dialog"
			aria-label="Vergrößern"
			data-wp-init="callbacks.initTriggerButton"
			data-wp-on--click="actions.showLightbox"
			data-wp-style--right="state.imageButtonRight"
			data-wp-style--top="state.imageButtonTop"
		>
			<svg xmlns="http://www.w3.org/2000/svg" width="12" height="12" fill="none" viewBox="0 0 12 12">
				<path fill="#fff" d="M2 0a2 2 0 0 0-2 2v2h1.5V2a.5.5 0 0 1 .5-.5h2V0H2Zm2 10.5H2a.5.5 0 0 1-.5-.5V8H0v2a2 2 0 0 0 2 2h2v-1.5ZM8 12v-1.5h2a.5.5 0 0 0 .5-.5V8H12v2a2 2 0 0 1-2 2H8Zm2-12a2 2 0 0 1 2 2v2h-1.5V2a.5.5 0 0 0-.5-.5H8V0h2Z" />
			</svg>
		</button></figure>
</figure>



<p>Für Kundinnen und Kunden stehen ausreichend kostenlose Parkplätze zur Verfügung.</p>



<h2 class="wp-block-heading">Wo wir sind</h2>



<iframe src="https://map.geo.admin.ch/#/embed?lang=de&#038;center=2731994.25,1267203.92&#038;z=7&#038;bgLayer=ch.swisstopo.pixelkarte-farbe&#038;topic=ech&#038;swisssearch=Wintermoosstrasse+23+8583+Sulgen&#038;layers=ch.swisstopo.zeitreihen@year=1864,f;ch.bfs.gebaeude_wohnungs_register,f;ch.bav.haltestellen-oev,f;ch.swisstopo.swisstlm3d-wanderwege,f;ch.vbs.schiessanzeigen,f;ch.astra.wanderland-sperrungen_umleitungen,f;KML%7Chttps://public.geo.admin.ch/api/kml/files/QZuC7QMNSfm9u9qiuatrwg&#038;featureInfo=default" style="border: 0;width: 600px;height: 450px;max-width: 100%;max-height: 100%;" allow="geolocation"></iframe>



<p></p>



<h2 class="wp-block-heading">Anreise mit dem öffentlichen Verkehr</h2>



<script src="https://fpcdn.zvv.ch/cdn/v1/widget.min.js"></script>
<div id="zvv-connectionsearch-widget" data-to="8583 Sulgen, Wintermoosstrasse 23" data-tolat="47.542078" data-tolon="9.191893"></div>

<p>Die Praxis befindet sich an der Wintermoosstrasse 23 in Sulgen. Parkplätze Für Kundinnen und Kunden stehen ausreichend kostenlose Parkplätze zur Verfügung. Wo wir sind Anreise mit dem öffentlichen Verkehr</p>
